{"id":18880,"date":"2023-04-02T22:56:19","date_gmt":"2023-04-02T20:56:19","guid":{"rendered":"https:\/\/www.luzinterruptus.com?page_id=18880"},"modified":"2023-04-04T12:24:00","modified_gmt":"2023-04-04T10:24:00","slug":"works","status":"publish","type":"page","link":"https:\/\/www.luzinterruptus.com\/?page_id=18880","title":{"rendered":"Trabajos"},"content":{"rendered":"\t\t<div data-elementor-type=\"wp-page\" data-elementor-id=\"18880\" class=\"elementor elementor-18880\" data-elementor-post-type=\"page\">\n\t\t\t\t\t\t<section class=\"elementor-section elementor-top-section elementor-element elementor-element-214445a elementor-section-boxed elementor-section-height-default elementor-section-height-default\" data-id=\"214445a\" data-element_type=\"section\" data-e-type=\"section\">\n\t\t\t\t\t\t<div class=\"elementor-container elementor-column-gap-default\">\n\t\t\t\t\t<div class=\"elementor-column elementor-col-100 elementor-top-column elementor-element elementor-element-1cdd5c0\" data-id=\"1cdd5c0\" data-element_type=\"column\" data-e-type=\"column\">\n\t\t\t<div class=\"elementor-widget-wrap elementor-element-populated\">\n\t\t\t\t\t\t<div class=\"elementor-element elementor-element-8b9b012 elementor-grid-2 elementor-grid-tablet-2 elementor-grid-mobile-1 elementor-widget elementor-widget-portfolio\" data-id=\"8b9b012\" data-element_type=\"widget\" data-e-type=\"widget\" data-settings=\"{&quot;columns&quot;:&quot;2&quot;,&quot;columns_tablet&quot;:&quot;2&quot;,&quot;columns_mobile&quot;:&quot;1&quot;,&quot;item_ratio&quot;:{&quot;unit&quot;:&quot;px&quot;,&quot;size&quot;:0.66,&quot;sizes&quot;:[]},&quot;item_gap&quot;:{&quot;unit&quot;:&quot;px&quot;,&quot;size&quot;:&quot;&quot;,&quot;sizes&quot;:[]},&quot;row_gap&quot;:{&quot;unit&quot;:&quot;px&quot;,&quot;size&quot;:&quot;&quot;,&quot;sizes&quot;:[]}}\" data-widget_type=\"portfolio.default\">\n\t\t\t\t<div class=\"elementor-widget-container\">\n\t\t\t\t\t\t\t<div class=\"elementor-portfolio elementor-grid elementor-posts-container\" role=\"list\">\n\t\t\t\t<article class=\"elementor-portfolio-item elementor-post  post-18869 portfolio type-portfolio status-publish has-post-thumbnail hentry\" role=\"listitem\">\n\t\t\t<a class=\"elementor-post__thumbnail__link\" href=\"https:\/\/www.luzinterruptus.com\/?p=18869\">\n\t\t\t\t<div class=\"elementor-portfolio-item__img elementor-post__thumbnail\">\n\t\t\t<img fetchpriority=\"high\" decoding=\"async\" width=\"768\" height=\"514\" src=\"https:\/\/www.luzinterruptus.com\/wp-content\/uploads\/2017\/05\/1120851.jpg\" class=\"attachment-medium_large size-medium_large wp-image-4479\" alt=\"\" srcset=\"https:\/\/www.luzinterruptus.com\/wp-content\/uploads\/2017\/05\/1120851.jpg 1000w, https:\/\/www.luzinterruptus.com\/wp-content\/uploads\/2017\/05\/1120851-300x200.jpg 300w, https:\/\/www.luzinterruptus.com\/wp-content\/uploads\/2017\/05\/1120851-400x267.jpg 400w\" sizes=\"(max-width: 768px) 100vw, 768px\" \/>\t\t<\/div>\n\t\t\t\t<div class=\"elementor-portfolio-item__overlay\">\n\t\t\t\t<h3 class=\"elementor-portfolio-item__title\">\n\t\tThe Plastic We Live With. Mumbai 2023\t\t<\/h3>\n\t\t\t\t<\/div>\n\t\t\t\t<\/a>\n\t\t<\/article>\n\t\t\t\t<article class=\"elementor-portfolio-item elementor-post  post-18868 portfolio type-portfolio status-publish has-post-thumbnail hentry\" role=\"listitem\">\n\t\t\t<a class=\"elementor-post__thumbnail__link\" href=\"https:\/\/www.luzinterruptus.com\/?p=18868\">\n\t\t\t\t<div class=\"elementor-portfolio-item__img elementor-post__thumbnail\">\n\t\t\t<img decoding=\"async\" width=\"768\" height=\"1152\" src=\"https:\/\/www.luzinterruptus.com\/wp-content\/uploads\/2023\/03\/MG_1851-1_zeke-1-768x1152.jpeg\" class=\"attachment-medium_large size-medium_large wp-image-9530\" alt=\"prueba\" srcset=\"https:\/\/www.luzinterruptus.com\/wp-content\/uploads\/2023\/03\/MG_1851-1_zeke-1-768x1152.jpeg 768w, https:\/\/www.luzinterruptus.com\/wp-content\/uploads\/2023\/03\/MG_1851-1_zeke-1-200x300.jpeg 200w, https:\/\/www.luzinterruptus.com\/wp-content\/uploads\/2023\/03\/MG_1851-1_zeke-1-683x1024.jpeg 683w, https:\/\/www.luzinterruptus.com\/wp-content\/uploads\/2023\/03\/MG_1851-1_zeke-1-400x600.jpeg 400w, https:\/\/www.luzinterruptus.com\/wp-content\/uploads\/2023\/03\/MG_1851-1_zeke-1.jpeg 1000w\" sizes=\"(max-width: 768px) 100vw, 768px\" \/>\t\t<\/div>\n\t\t\t\t<div class=\"elementor-portfolio-item__overlay\">\n\t\t\t\t<h3 class=\"elementor-portfolio-item__title\">\n\t\tEl pl\u00e1stico con el que vivimos. Mumbay 2023\t\t<\/h3>\n\t\t\t\t<\/div>\n\t\t\t\t<\/a>\n\t\t<\/article>\n\t\t\t\t<article class=\"elementor-portfolio-item elementor-post  post-18866 portfolio type-portfolio status-publish has-post-thumbnail hentry\" role=\"listitem\">\n\t\t\t<a class=\"elementor-post__thumbnail__link\" href=\"https:\/\/www.luzinterruptus.com\/?p=18866\">\n\t\t\t\t<div class=\"elementor-portfolio-item__img elementor-post__thumbnail\">\n\t\t\t<img decoding=\"async\" width=\"768\" height=\"1154\" src=\"https:\/\/www.luzinterruptus.com\/wp-content\/uploads\/2022\/12\/tony-hernandez-8-768x1154.jpg\" class=\"attachment-medium_large size-medium_large wp-image-9182\" alt=\"\" srcset=\"https:\/\/www.luzinterruptus.com\/wp-content\/uploads\/2022\/12\/tony-hernandez-8-768x1154.jpg 768w, https:\/\/www.luzinterruptus.com\/wp-content\/uploads\/2022\/12\/tony-hernandez-8-200x300.jpg 200w, https:\/\/www.luzinterruptus.com\/wp-content\/uploads\/2022\/12\/tony-hernandez-8-681x1024.jpg 681w, https:\/\/www.luzinterruptus.com\/wp-content\/uploads\/2022\/12\/tony-hernandez-8-400x601.jpg 400w, https:\/\/www.luzinterruptus.com\/wp-content\/uploads\/2022\/12\/tony-hernandez-8.jpg 998w\" sizes=\"(max-width: 768px) 100vw, 768px\" \/>\t\t<\/div>\n\t\t\t\t<div class=\"elementor-portfolio-item__overlay\">\n\t\t\t\t<h3 class=\"elementor-portfolio-item__title\">\n\t\tEn hojas blancas (versi\u00f3n algo navide\u00f1a). Las Palmas de Gran Canaria 2022\t\t<\/h3>\n\t\t\t\t<\/div>\n\t\t\t\t<\/a>\n\t\t<\/article>\n\t\t\t\t<article class=\"elementor-portfolio-item elementor-post  post-18865 portfolio type-portfolio status-publish has-post-thumbnail hentry\" role=\"listitem\">\n\t\t\t<a class=\"elementor-post__thumbnail__link\" href=\"https:\/\/www.luzinterruptus.com\/?p=18865\">\n\t\t\t\t<div class=\"elementor-portfolio-item__img elementor-post__thumbnail\">\n\t\t\t<img loading=\"lazy\" decoding=\"async\" width=\"768\" height=\"514\" src=\"https:\/\/www.luzinterruptus.com\/wp-content\/uploads\/2017\/05\/11304041.jpg\" class=\"attachment-medium_large size-medium_large wp-image-4469\" alt=\"\" srcset=\"https:\/\/www.luzinterruptus.com\/wp-content\/uploads\/2017\/05\/11304041.jpg 4195w, https:\/\/www.luzinterruptus.com\/wp-content\/uploads\/2017\/05\/11304041-300x200.jpg 300w, https:\/\/www.luzinterruptus.com\/wp-content\/uploads\/2017\/05\/11304041-1024x684.jpg 1024w, https:\/\/www.luzinterruptus.com\/wp-content\/uploads\/2017\/05\/11304041-400x267.jpg 400w\" sizes=\"(max-width: 768px) 100vw, 768px\" \/>\t\t<\/div>\n\t\t\t\t<div class=\"elementor-portfolio-item__overlay\">\n\t\t\t\t<h3 class=\"elementor-portfolio-item__title\">\n\t\tOn Blank Pages (a Somehow Christmassy Version). Las Palmas de Gran Canaria, 2022\t\t<\/h3>\n\t\t\t\t<\/div>\n\t\t\t\t<\/a>\n\t\t<\/article>\n\t\t\t\t<article class=\"elementor-portfolio-item elementor-post  post-18864 portfolio type-portfolio status-publish has-post-thumbnail hentry\" role=\"listitem\">\n\t\t\t<a class=\"elementor-post__thumbnail__link\" href=\"https:\/\/www.luzinterruptus.com\/?p=18864\">\n\t\t\t\t<div class=\"elementor-portfolio-item__img elementor-post__thumbnail\">\n\t\t\t<img loading=\"lazy\" decoding=\"async\" width=\"768\" height=\"514\" src=\"https:\/\/www.luzinterruptus.com\/wp-content\/uploads\/2017\/05\/1140237.jpg\" class=\"attachment-medium_large size-medium_large wp-image-4461\" alt=\"\" srcset=\"https:\/\/www.luzinterruptus.com\/wp-content\/uploads\/2017\/05\/1140237.jpg 1000w, https:\/\/www.luzinterruptus.com\/wp-content\/uploads\/2017\/05\/1140237-300x200.jpg 300w, https:\/\/www.luzinterruptus.com\/wp-content\/uploads\/2017\/05\/1140237-400x267.jpg 400w\" sizes=\"(max-width: 768px) 100vw, 768px\" \/>\t\t<\/div>\n\t\t\t\t<div class=\"elementor-portfolio-item__overlay\">\n\t\t\t\t<h3 class=\"elementor-portfolio-item__title\">\n\t\tLiterature vs Traffic. Utrecht 2022\t\t<\/h3>\n\t\t\t\t<\/div>\n\t\t\t\t<\/a>\n\t\t<\/article>\n\t\t\t\t<article class=\"elementor-portfolio-item elementor-post  post-18863 portfolio type-portfolio status-publish has-post-thumbnail hentry\" role=\"listitem\">\n\t\t\t<a class=\"elementor-post__thumbnail__link\" href=\"https:\/\/www.luzinterruptus.com\/?p=18863\">\n\t\t\t\t<div class=\"elementor-portfolio-item__img elementor-post__thumbnail\">\n\t\t\t<img loading=\"lazy\" decoding=\"async\" width=\"768\" height=\"514\" src=\"https:\/\/www.luzinterruptus.com\/wp-content\/uploads\/2017\/05\/1140237.jpg\" class=\"attachment-medium_large size-medium_large wp-image-4461\" alt=\"\" srcset=\"https:\/\/www.luzinterruptus.com\/wp-content\/uploads\/2017\/05\/1140237.jpg 1000w, https:\/\/www.luzinterruptus.com\/wp-content\/uploads\/2017\/05\/1140237-300x200.jpg 300w, https:\/\/www.luzinterruptus.com\/wp-content\/uploads\/2017\/05\/1140237-400x267.jpg 400w\" sizes=\"(max-width: 768px) 100vw, 768px\" \/>\t\t<\/div>\n\t\t\t\t<div class=\"elementor-portfolio-item__overlay\">\n\t\t\t\t<h3 class=\"elementor-portfolio-item__title\">\n\t\tLiteratura vs tr\u00e1fico. Utrecht 2022\t\t<\/h3>\n\t\t\t\t<\/div>\n\t\t\t\t<\/a>\n\t\t<\/article>\n\t\t\t\t<\/div>\n\t\t\t\t\t\t<\/div>\n\t\t\t\t<\/div>\n\t\t\t\t\t<\/div>\n\t\t<\/div>\n\t\t\t\t\t<\/div>\n\t\t<\/section>\n\t\t\t\t<\/div>\n\t\t","protected":false},"excerpt":{"rendered":"<p>The Plastic We Live With. Mumbai 2023 El pl\u00e1stico con el que vivimos. Mumbay 2023 En hojas blancas (versi\u00f3n algo navide\u00f1a). Las Palmas de Gran Canaria 2022 On Blank Pages (a Somehow Christmassy Version). Las Palmas de Gran Canaria, 2022 Literature vs Traffic. Utrecht 2022 Literatura vs tr\u00e1fico. Utrecht 2022 On Blank Pages. Taipei 2022 &#8230; <a title=\"Literatura vs tr\u00e1fico. Utrecht 2022\" class=\"read-more\" href=\"https:\/\/www.luzinterruptus.com\/?p=18863\" aria-label=\"Leer m\u00e1s sobre Literatura vs tr\u00e1fico. Utrecht 2022\">Leer m\u00e1s<\/a><\/p>\n","protected":false},"author":1,"featured_media":0,"parent":0,"menu_order":0,"comment_status":"closed","ping_status":"closed","template":"","meta":{"footnotes":""},"class_list":["post-18880","page","type-page","status-publish","hentry"],"_links":{"self":[{"href":"https:\/\/www.luzinterruptus.com\/index.php?rest_route=\/wp\/v2\/pages\/18880","targetHints":{"allow":["GET"]}}],"collection":[{"href":"https:\/\/www.luzinterruptus.com\/index.php?rest_route=\/wp\/v2\/pages"}],"about":[{"href":"https:\/\/www.luzinterruptus.com\/index.php?rest_route=\/wp\/v2\/types\/page"}],"author":[{"embeddable":true,"href":"https:\/\/www.luzinterruptus.com\/index.php?rest_route=\/wp\/v2\/users\/1"}],"replies":[{"embeddable":true,"href":"https:\/\/www.luzinterruptus.com\/index.php?rest_route=%2Fwp%2Fv2%2Fcomments&post=18880"}],"version-history":[{"count":17,"href":"https:\/\/www.luzinterruptus.com\/index.php?rest_route=\/wp\/v2\/pages\/18880\/revisions"}],"predecessor-version":[{"id":18959,"href":"https:\/\/www.luzinterruptus.com\/index.php?rest_route=\/wp\/v2\/pages\/18880\/revisions\/18959"}],"wp:attachment":[{"href":"https:\/\/www.luzinterruptus.com\/index.php?rest_route=%2Fwp%2Fv2%2Fmedia&parent=18880"}],"curies":[{"name":"wp","href":"https:\/\/api.w.org\/{rel}","templated":true}]}}